What is the value of -85 + 1 + 919 + -860?
-25
Evaluate 2 + (-5 - (11 - 19) - -33) + 1.
39
Evaluate (-3 - 28) + (-13 - -13 - -10) - 17.
-38
Evaluate -2 - (-5 + 2 + (-9 - -1) - -8) - 28.
-27
(15 - (116 + (19 - 4 - 23))) + (0 - 15)
-108
Calculate 5 + -27 + 143 + -32 - ((4 - 4) + -1).
90
What is the value of (22 - -10 - 39) + 38?
31
What is the value of 577 - 645 - (-4 - 31)?
-33
What is the value of -14 + (32 + -101 - -134)?
51
Calculate 26 + (-16 - 40) - -38.
8
Calculate (7 + 4 + -24 - (-4 - 2)) + 1.
-6
What is the value of 4 + 30 + -25 + (0 - 3) + (-8 - 39)?
-41
Calculate -2 + (3 - -3) - (-105 - -108).
1
Evaluate 1 - (-30 + (35 - 20) - -4).
12
(14 - 9 - -7) + 27 + -40
-1
Evaluate 87 + (11 - 37) + (6 - 4 - -5) + -10.
58
Evaluate 32 + -13 + -9 - (26 + (4 - 6)).
-14
What is (22 + -31 + 24 - 12) + 14?
17
Evaluate -11 + -98 + 138 + -167.
-138
What is 6 + 1 + 1 - (1147 + -1110 - (-2 + 35))?
4
Evaluate -2 - (-1 - 12 - ((-2 - -2) + (161 - 185))).
-13
What is the value of 2 + 36 + -3 - 68?
-33
Evaluate -12 - (31 - (22 + (2 - 11))).
-30
Evaluate 26 - 6 - (27 - (-57 + 67)).
3
Evaluate 57 - (-25 + 133) - -109.
58
32 + 44 + -18 - 28 - 123
-93
What is the value of -30 - (105 + -21 - 49 - -1)?
-66
What is the value of -61 + (-20 - (-7 + -38 + 27))?
-63
What is the value of 1 + (-11 + 22 - 4) + 2 + 8?
18
What is the value of 1 - (5 + -17 - -11 - -8 - 6 - 6)?
6
What is 117 + (-9 - 128) + 23?
3
-83 + 0 + (-54 - -43) - (-21 - -4)
-77
Calculate (-7430 - -7630) + (-2 - 103).
95
What is (-69 - -55) + 59 - -24?
69
What is -8 + (9 - (6 + 1)) + 10 + 10?
14
What is (21 - 22) + 29 + -13 - -4?
19
What is -22 + 106 + (9 - 42)?
51
Evaluate (-52 - -170) + -90 + 2.
30
50 - (-8 + 33 + 12 + -16)
29
What is -125 + 119 - -92 - (-2 + -15)?
103
What is -1 + -1 + 116 - (4 + 18 - (129 + -120))?
101
What is 62 + (36 - 50) - -20?
68
What is (2 - 11) + (-3 - (-3 + -32) - (41 - 43))?
25
(-139 + 275 - 136) + (2 - 4 - -32)
30
Calculate 33 + -38 + 8 + -18 - (1 + -17).
1
(1 - (0 - -52) - 1) + (81 - 69) - 9
-49
(2 - (-52 + -96 + 204)) + (-7 + -1 - 0)
-62
What is 85 + (10 - 218) - -36?
-87
What is the value of -21 + 15 - (-86 + 48)?
32
Evaluate (7 + 0 - (109 - 96)) + (-2 - -9).
1
Calculate (-76 - -89) + 2 + 22 - (-2 - -4).
35
What is the value of -5 - -4 - 0 - -45 - (91 - 94)?
47
Calculate -17 - (63 + -12) - (-23 + 22).
-67
Calculate 65 - (-8 + 48 + -1).
26
What is -1 + (-3 + -19 + -51 + 70 - (0 - 55))?
51
What is the value of 43 + 51 + -60 + -27?
7
What is 921 - 800 - (123 + -3)?
1
What is 42 + (9 - (55 + -15))?
11
What is the value of (-1 - -55) + (1 - 4) - (63 + -65)?
53
Evaluate -23 + -22 - 16 - (-7 + -15).
-39
What is the value of -58 + 34 - (-6 + -10 + -41)?
33
What is (-15 - (-28 - (21 - 34))) + -19?
-19
Calculate -62 + 20 + 37 + (-3 + 8 - (0 + -1)).
1
What is the value of 27 + -10 - (129 - 44)?
-68
(61 - 2) + 16 + 2 + 1 + -8 + -9
61
Calculate 122 + -114 + 112 - 36.
84
What is the value of 11 + -4 + 3 - (-1 + -19)?
30
Evaluate -1 - (7 - -6) - (4 - (14 + -7)).
-11
What is -2 + -16 + 26 + -18 + 70?
60
What is the value of (12 - 54 - -30) + 9 - 65?
-68
What is (132 + -91 - 124) + 164?
81
Calculate 1 - 109 - (83 - -170 - 274).
-87
What is (0 - 0 - -1 - (-26 - (-11 - 42))) + 10?
-16
Evaluate (-10 - (-63 + 42)) + 115.
126
What is the value of (44 + 31 - 25) + -7?
43
Calculate (-57 - 4 - (-82 - -56)) + 35.
0
32 + (-57 - -118) + -47
46
0 - 59 - (-98 + 37 + 68)
-66
What is the value of -66 + (33 - (-26 + -12) - 35)?
-30
Calculate -17 + 11 + (68 - 0) + (24 - 9 - 20).
57
What is -11 - (-59 + -2 + 0 + -10 + -1)?
61
Calculate 108 + -1 - (6 + -37 - -24 - -9).
105
42 + -76 + (10 - -64)
40
Evaluate 0 + (16 - (1 + 0)) + (378 - 365).
28
4 - (-43 - (-219 - -81))
-91
Calculate 1671 + -1587 - (43 - -6).
35
Evaluate 44 - (-5 - 3 - (9 - (1 - 5))).
65
What is the value of -9 + 7 + (4 - -8 - -11)?
21
Evaluate (-31 - (43 + -45)) + (-24 - 1).
-54
What is (3336 - 3325) + (-2 + (1 - -3) - -3)?
16
Calculate -6 - (-2 - -6 - -5).
-15
What is (3 + 12 - (53 - 41) - 43) + 8?
-32
What is -19 + 92 + (-99 - -64)?
38
Calculate 47 + 32 + -32 + (0 - 22) + 10.
35
Calculate -41 - (-12 - (-3 - (11 + 3) - -12)).
-34
(20 - 4) + -2 + 1 + (45 - 13)
47
What is (-8 - 1) + 65 + -2 - (3 - 6)?
57
-51 + (-1 + (10 - 24) - -1) + 24
-41
21 - ((-7 - -11 - 5) + (-5 - (-6 - -1)))
22
38 - (-22 - 18) - 32
46
What is the value of (35 - (21 - (2 + -5))) + 16?
27
Calculate (18 - 24) + -8 - (-21 + 14 + 1).
-8
Evaluate 1 + 8 + -64 + 41 + -12 + 17 - 87.
-96
What is -42 - (17 + 1 + (80 - 90) - 9)?
-41
(26 + 7 - 0) + -46
-13
What is the value of -11 + 11 + -51 + 36?
-15
What is (2 - -16) + -41 + (-7 - -27) + -1 + -33?
-37
Evaluate 11 + (-10 - (11 - 6)) + -50 + 114.
60
(-9 - -1 - 7) + (35 - (-12 + 28))
4
Calculate -899 - -769 - (-3 + -11 - (-1 + 5 + -6)).
-118
(40 - 87) + -55 + 181
79
58 + (12 - 3) + (-7 - (10 + -6 + 2))
54
Evaluate (46 - 3) + 3 + 712 + -723.
35
Calculate 3 + (9 - (25 + 10)) + 2 + (-3 - -2).
-22
Calculate 45 + (47 - (74 - -4)).
14
Calculate (-159 - -106) + (81 - 21).
7
What is 8 + -11 + 9 + (-12 - (-58 - 15))?
67
(-11 - (-14 + 9 - 21)) + (-1 - (4 - 0))
10
What is 12 - (32 + (1 + -9 - 2))?
-10
What is -39 + 1 - (81 - 82)?
-37
Calculate 16 - 12 - -15 - 52.
-33
What is (8 - (-3 - -1) - 21) + 7 + (2 - 3)?
-5
What is the value of -107 - -134 - (-4 + -3) - 9?
25
78 + -34 - (-9 + -6 - -21)
38
What is 1 + 5 - (-2 + -2) - (-169 + 121 + -66)?
124
What is (403 + -389 + (-19 - -1) - (62 + -1)) + 6?
-59
Calculate -6 - (22 + -8 + -1) - -2.
-17
What is (-200 - -189) + 6 + 48?
43
Evaluate -34 + (3 - (-23 - 10) - (15 - -7)).
-20
What is the value of 17 + 5 + -40 + 37 - 2?
17
(1 - -4) + 26 + (-511 - -504)
24
Evaluate -120 + (392 - 256) + -2 + -142 + 2.
-126
What is (1644 - 1644) + 0 + -78?
-78
Calculate (7 - 42 - -39) + -3 + (-2 - -10) - -29.
38
Evaluate 6 + (-2 + -6 - (-49 - -23) - -2).
26
What is (-15 - (-8 + -2 + 1 - -4) - -15) + 43?
48
-2 - (-57 + -14) - (7 - (2 + (-4 - -5)))
65
Evaluate (36 - (-38 - -25)) + 5.
54
What is the value of -73 + (58 - 7) + -13?
-35
What is the value of 62 + (-162 + -33 - -86)?
-47
What is 4 + (-8 - (-14 + -2)) - 15 - (9 - -65)?
-77
Evaluate -23 - (-25 + 51 + 2 + -78).
27
What is 31 + -19 + 10 - -21 - 27?
16
What is the value of (3 - 16) + 14 + 6 + -9 + 4?
2
Calculate 40 - (-22 + -8 + 17 + 12).
41
31 + -27 + 56 + (-4 - 5 - (-4 - 2))
57
What is the value of -14 + (-18 + -5 - (3 + -21))?
-19
-47 + (0 - (-1 + -2)) + (51 - -15 - 59)
-37
Evaluate 10 + (-680 + 612 - ((-3 - -6) + 2 - 3)).
-60
(-30 - -19) + (1 - 53) + (13 - 17) + -1
-68
What is 120 - 70 - (22 - -25)?
3
Calculate -28 - (-104 - (-280 + 144)).
-60
What is the value of 1142 + -1138 - (-1 + (4 + -5 - 0) - -122)?
-116
Evaluate 32 + (-65 - (2 + 6 - -17)).
-58
What is -8 - (-41 - (-42 + 20 + 10))?
21
Evaluate -11 - (-2 + 28 - (-3 - 3 - -4)).
-39
What is the value of (12 - 44 - -4) + 26?
-2
What is the value of 45 - (54 - (60 - 18))?
33
What is the value of 12 - ((-8 - -6) + -9 - (-90 + 18))?
-49
What is the value of 248 + -99 - (-102 - -215)?
36
What is the value of 0 - -30 - (-6 - (79 - 68))?
47
What is the value of -34 + 99 + 3 + -33?
35
What is the value of (-35 - (-125 + 64)) + 6 + -3?
29
Evaluate (4 - (33 + -17 - 5)) + -44.
-51
Evaluate 18 - (-10 + -31 + 69).
-10
Calculate 40 + 113 + -168 - 23.
-38
Calculate 49 + (51 + -58 - 32).
10
What is (0 + -22 + 13 + -1 - -11) + 10?
11
-19 - (22 + -9) - 12
-44
-29 - -145 - ((-9 - -16) + -1 + -3 + 3)
110
Evaluate 9 + (-3 - (-11 + 10) - (1 - 61) - 7).
60
Calculate -2 + -6 + (14 - (-73 + 12 + -7)) - 4.
70
Evaluate 18 + 15 + -93 - -38.
-22
What is the value of (1 - 5) + (75 - (-75 - -135))?
11
What is the value of 88 + 15 + -139 - 58?
-94
What is the value of (-148 - -35) + 20 - -105?
12
Evaluate (-17 + -10 - -50) + (-101 - 3).
-81
What is 11 + (-2 - 47) + 49?
11
What is 43 + 29 + -31 - 2?
39
Calculate -3 + (22 + (-9 - -4) + -13 - (11 + 0)).
-10
What is the value of -67 + 17 + (-8 - -13) + 8 + (-1 - 8)?
-46
Evaluate -13 - -20 - (9 - -35).
-37
Evaluate (-152 - (230 + -367)) + (-1 - 66).
-82
Calculate 134 + (-23 - 15) + -37.
59
What is 0 - -23 - (62 - (111 + -70))?
2
Calculate -102 + -76 - -46 - -9.
-123
Evaluate (-563 - -582) + (-1 - -47) - (0 - 9).
74
What is 154 - ((-28 - -33) + 40) - -14?
123
-4 + -59 - ((-314 - -305) + (-1 - 